p). Let y(r) = r**2 - 2*r - 3 - 1 - 3 - v*r. Calculate y(6).
-1
Let t(s) = -8*s**2 - s - 2. Let o(r) = -17*r**2 - 2*r - 4. Let c(a) = 3*o(a) - 6*t(a). Calculate c(-1).
-3
Let n be (2/(-8) - -1)*-1*4. Let v(u) = u - 1. Let i(b) = 0 - 1 + 6*b - 2. Let o(g) = 2*i(g) - 10*v(g). Give o(n).
-2
Let w(s) = 9 - 4*s**2 - 2*s**2 - 6 + 7*s**2 + 10*s. Determine w(-10).
3
Let g be (-8 - (-10 + 8)) + 40/6. Let u(b) be the third derivative of 0*b + 1/24*b**4 + 0 - 4*b**2 + g*b**3. Calculate u(-7).
-3
Let d(n) be the third derivative of n**6/120 - n**5/20 + n**4/8 - n**3/3 - n**2. Suppose 6 = -2*b + 14. Suppose 9 = -j + b*j. Give d(j).
7
Let w be (0 + -3)*(-30)/(-9). Let h = 2 - w. Let d be (1 + h/(-8))*-10. Let i(t) = -t**3 + 6*t**2 - 5*t - 4. Calculate i(d).
-4
Let s(k) = k**3 + 4*k**2 - 3*k + 2. Let j be ((1 + -1)/2)/(-1). Let t(z) = -z**3 + 13*z**2 + 15*z - 16. Let h be t(14). Let m be (-3 - j) + (h - 0). Give s(m).
-8
Let q(l) = -1 - 23*l**3 - l + 0 - 2 + 3*l + 25*l**3 - 2*l**2. Calculate q(2).
9
Let l(i) = i**2 + 8*i - 3. Let v = -280 - -272. Calculate l(v).
-3
Let h = 21 + -17. Let b(w) = -h - 7 + w + 2 + 11. Determine b(-5).
-3
Let k be -1 + 0 - (1 - 7). Suppose -5*b = -3*q + 6*q - 37, -3*b = 4*q - 42. Let w(z) = -1534*z**2 - 2*z + 1533*z**2 + q*z. Give w(k).
10
Let f(l) = -l**2 + 3*l - 1 + 0*l**2 + 4*l. Let i = -38 + -4. Let y = i - -47. Calculate f(y).
9
Let c(q) be the third derivative of q**6/15 + q**5/60 - q**4/24 - q**3/6 + 73*q**2. What is c(-1)?
-7
Let i be 7 - (10241/(-210))/(-7). Let d(u) be the third derivative of 0 - i*u**5 - 1/24*u**4 + 1/120*u**6 - 2/3*u**3 + 0*u + u**2. What is d(3)?
2
Let n be ((-98)/(-12) + -8)/(1/6). Let s(j) = j**3 - j**2 - j + 1. Let q(u) = -3*u**3 - 2*u**2 - u + 1. Let l(i) = q(i) - 2*s(i). Give l(n).
-5
Let l be ((-105)/(-175))/((-1)/(-10)). Let n(b) = b**2 - 3*b - 6. What is n(l)?
12
Let p(m) = 2*m - 57*m**2 - 52*m**2 + 167*m**2 - 4 - 56*m**2. Determine p(-5).
36
Let v(s) = -3086*s**2 + s + 1544*s**2 + s**3 + 1544*s**2 + 3. What is v(-3)?
-9
Let s(n) = -n**3 + n**2 - 18. Let a be (-3906)/(-56) + 0 + 3/(-4). Let f = a - 69. Calculate s(f).
-18
Suppose 15 = 4*m + 7. Suppose -2*c + 8 = 0, -2*v + 3*v - 31 = -m*c. Suppose 7*o + 2*i - v = 2*o, o + 5*i - 23 = 0. Let w(d) = d**2 - 5*d - 3. Determine w(o).
-9
Let q(j) = 5*j. Let r(k) be the second derivative of k**3 + k**2/2 + 28*k. Let v(i) = 5*q(i) - 4*r(i). Let b = 11 + -7. Determine v(b).
0
Let d(y) = 14*y**3 + 13*y**2 - 20*y + 14. Let x(g) = 5*g**3 + 5*g**2 - 7*g + 5. Let m(u) = -4*d(u) + 11*x(u). What is m(4)?
-5
Let y(l) = -4 + l + 4*l - l - 2*l. Let a be y(3). Let n(w) = 4 - 2*w**a + 5*w**2 - 2*w**2 + w. Determine n(0).
4
Let q be (-1 - (-2)/3)*21. Let g be (-3 + (-28)/(-12))*-3. Let p(d) = -1 - d**2 + 2*d**2 + 8*d + 0*d - g*d. Give p(q).
6
Let y(d) be the third derivative of -d**4/24 + 17*d**3/6 + d**2. Let i be y(15). Let n(f) be the second derivative of -4*f**3/3 + f**2 + 3*f + 3. What is n(i)?
-14
Let a(z) = -21*z - 26. Let v(h) = -5*h - 6. Let o(x) = 4*a(x) - 18*v(x). Let q(k) = 3*k + 1. Let r(u) = -3*o(u) + 5*q(u). Determine r(-6).
11
Let h(u) be the first derivative of 3*u**2/2 + u + 41. Calculate h(-4).
-11
Let g(p) = p**2 - p - 1. Let r = -20 - -56. Suppose -10*n = 2*n - r. Calculate g(n).
5
Suppose n = 2*j - 2, -3*j + 1 = -4*n + 8. Suppose -w - 78 = -2*y, 0 = -n*y + w + 3*w + 152. Let x(i) = -i**3 + y*i**2 + 3*i**3 - 42*i**2 + 2 + 2*i. Give x(2).
14
Let n = 3972 - 3970. Let a(h) be the second derivative of h**5/20 - h**4/4 + h**3/3 - h**2/2 - h. Calculate a(n).
-1
Suppose -74*m + 100 = -49*m. Let r(n) = 2*n**2 - 5*n + 6. Determine r(m).
18
Let r(t) = -5 + 2*t + t**2 - 5*t - t. Let i be r(5). Let x(z) be the third derivative of -z**6/120 + z**5/60 - z**4/24 - 3*z**3/2 + 7*z**2 - 27. What is x(i)?
-9
Let j(q) = 4*q**2 + 2*q - 2*q - 9 - 2*q**3 + 13*q. Let c(t) = t**3 - 1 - 11*t + 9 + 4*t - 3 - 2*t**2. Let p(o) = 11*c(o) + 6*j(o). Calculate p(2).
3
Suppose 0 = 793*g - 796*g + 6. Let m(b) = 14*b - 4. What is m(g)?
24
Let o(l) be the first derivative of 3/2*l**3 - l - 1/2*l**2 - 5. Let t(q) be the first derivative of o(q). What is t(1)?
8
Let d(v) be the third derivative of 0 - 1/6*v**4 + 0*v - 7/6*v**3 + 1/60*v**5 + 11*v**2. Suppose 3*i - 4 = 11. Give d(i).
-2
Let d(l) = 8 - 8 - l. Let p be d(0). Let b(v) = -v**2 + 7. What is b(p)?
7
Let q = 92 + -86. Let r(i) = -i + 12*i**3 + 0*i - 2*i**2 + i**2 - q*i**3. Calculate r(-1).
-6
Let t(k) = 45 - 2*k - 42 + 4*k - 5*k**2 + 2*k**2. Calculate t(-2).
-13
Let h be (-1 - -1)/(88 + -89). Let c(a) = -a**2 + 12. What is c(h)?
12
Let b(j) be the first derivative of j**2 - 11*j - 391. Determine b(9).
7
Let v(p) be the second derivative of -1/20*p**5 + 0 - 2*p - 1/2*p**3 - p**2 + 5/12*p**4. Calculate v(4).
2
Let q(m) = -11*m**2 - 2*m - 19. Let b(h) = 2*h**2 + h + 2. Let z(i) = 6*b(i) + q(i). Determine z(-6).
5
Let d(j) = -j + 2*j - 2*j**3 + j**2 + 4*j**3 - 1. Let p be 4 + (-1*1)/((-17)/(-34)). Calculate d(p).
21
Let r(o) = -o + o**3 - 7*o**2 - o**2 + 2*o**2. Suppose 5*h = 5*v - 30, 8*h + 3*v = 3*h + 2. Let s be ((-4)/(-8) + h)*-4. Give r(s).
-6
Let w be -2*(0 - (-12)/(-8)). Suppose -w*z + z + 4 = 0. Let j(r) = -6*r - 2 + 0 + r + 4. Give j(z).
-8
Let h(q) = -3*q + 15. Let i = 223 + -212. Give h(i).
-18
Suppose 19 = -3*v + 4. Let y(t) = 4*t + 16. Let l be y(v). Let r(q) = q**3 + 2*q**2 - 4*q + 3. Give r(l).
-13
Let v(f) = 53*f**3 + 5*f**2 + f + 4. Let n(k) = -107*k**3 - 9*k**2 - k - 7. Let h(c) = 3*n(c) + 5*v(c). What is h(1)?
-57
Let i(f) = f**2 - 2*f**2 + 4*f - 13 + 7 + 6 + 3. Determine i(5).
-2
Let y(p) be the first derivative of p**4/4 - 5*p**3 + 7*p**2 + 4*p - 230. Suppose 0 = -3*i + 15 + 27. Let t be y(i). Let f(v) = 2*v - 4. Determine f(t).
4
Let c = -331 + 328. Let f(o) = -10*o - 3. What is f(c)?
27
Let r(t) be the third derivative of -t**5/60 - 5*t**4/24 + t**3/3 + 14*t**2. Give r(-5).
2
Let i(q) = 3*q - 13. Let c(l) = 3*l - 16. Let m(n) = 3*c(n) - 4*i(n). Determine m(-6).
22
Let v(n) = 2*n**2 - n - 1. Let g(s) = 20*s**2 - 5*s - 7. Let p(q) = g(q) - 6*v(q). Calculate p(1).
8
Let g(w) = -w + 8. Let p(l) = -l - 21. Let a(i) = -2*i - 62. Let h(c) = -4*a(c) + 11*p(c). Let k(y) = 7*g(y) - 3*h(y). What is k(-4)?
-3
Suppose 5*p - 3 = 2*u + 7, -2*u = 4*p - 8. Let h(b) = -b**2 + 3*b + 3 - 5 + p*b**2. Let f = -67 + 69. Determine h(f).
8
Let o(c) = -c**3 + 9*c**2 - 10*c + 1. Let d = 207 + -200. What is o(d)?
29
Let y = 2 - -3. Suppose 0 = -y*l + 15. Let i(v) = 8*v**l + 3 - 3. What is i(-1)?
-8
Let s(f) = 2*f**3 - 5*f**2 + f + 4. Suppose 72*o - 90*o + 54 = 0. Give s(o).
16
Let k be 2/6*48/(6 + -14). Let z(u) = 13*u + 1. Calculate z(k).
-25
Let u(d) = -d**3 + d**2 + 3*d - 2. Let k = 177 - 175. Calculate u(k).
0
Let c(l) = -2*l + l + l + 6 + l. Let t be c(-6). Let n(v) = 0 + 1 + v - 9 + 3. What is n(t)?
-5
Let p(j) be the first derivative of -j**4/4 + j**3/3 + 3*j**2/2 - 4*j + 66. What is p(4)?
-40
Let r(f) be the first derivative of -f**4/4 - 5*f**3/3 + f**2/2 + 2*f - 18. Suppose -5*d - 14 = 11. What is r(d)?
-3
Let g be (-15)/9*(-3 - 0). Let z(m) = 117 - 117 - g*m. What is z(-1)?
5
Let w = 1109 - 1115. Let n(f) = 0*f - 7 + 3*f**3 - 2*f**3 + 3*f + 7*f**2. Determine n(w).
11
Let h(v) be the first derivative of v**4/4 + 4*v**3/3 + v**2/2 - 2*v - 16. Suppose 3*l = 1 - 13. Give h(l).
-6
Let t(u) be the first derivative of u**2/2 + 30*u + 922. Determine t(-13).
17
Let q be ((-24)/18)/(-2 + (0 - 2)). Let j(z) be the first derivative of -z**2 - q*z**3 + z + 3. Determine j(-2).
1
Let r(c) = -c**3 + 7*c**2 - 4*c + 1. Let g be r(6). Suppose -3*t = 5*j - g, j - 2 = -2*t + 2. Let n(h) = 0 - j - 7*h**2 + 2. Calculate n(-1).
-7
Let x(n) = n**3 + 10*n**2 - 10*n + 14. Let q be x(-11). Suppose q*p - 2*p = 4. Let w(o) = 2 + p + 0 + 3*o. Calculate w(-4).
-6
Let g(t) = -3*t - 15 + 6*t - t + 8 - t. What is g(6)?
-1
Let n be 0*(3 + (-15)/6). Let a be (n/2)/(-7 - -9). Let g(w) be the first derivative of -w**4/4 - w**3/3 + w**2/2 - 13*w - 3. Determine g(a).
-13
Let c = 358 - 384. Suppose -2*n - s = 39, 7*s - 2*s - 71 = 4*n. Let m = n - c. Let q(b) = -b + 10. Give q(m).
3
Let w(g) = g**3 - 3*g**2 - g - 5. Let a be w(0). Let b(x) = -7*x - 5. What is b(a)?
30
Let t(x) be the first derivative of -x**3/3 - 9*x**2/2 - 11*x + 20. Let m = -325 - -317. What i